5343
-201012 (base 4) to base 6
-13450
12102 (base 9) to base 14
2d4a
What is 437 (base 10) in base 14?
233
Convert 16a9 (base 11) to base 13.
cb5
What is 108a (base 13) in base 2?
100100000111
What is -49a6 (base 11) in base 16?
-1981
What is -228 (base 9) in base 7?
-356
What is 10222 (base 3) in base 9?
128
-12e9 (base 16) to base 12
-2975
1a675 (base 13) to base 3
2121211122
36d (base 14) to base 2
1010101101
What is 2120 (base 3) in base 6?
153
32723 (base 8) to base 5
420104
Convert 887 (base 10) to base 11.
737
Convert 121111000 (base 3) to base 8.
27357
What is 14505 (base 14) in base 2?
1100010011001001
Convert 201212 (base 3) to base 2.
1000011000
-513 (base 8) to base 4
-11023
Convert 1104440 (base 5) to base 7.
110321
Convert -2003 (base 4) to base 9.
-155
Convert 134 (base 5) to base 11.
40
What is -738 (base 9) in base 7?
-1520
What is -201121 (base 3) in base 4?
-20101
Convert -1 (base 14) to base 2.
-1
Convert 23003211 (base 4) to base 12.
22259
Convert -202111222 (base 3) to base 12.
-87a5
Convert -28d (base 14) to base 16.
-205
Convert -20211 (base 3) to base 4.
-2320
-289 (base 14) to base 4
-20001
Convert 3034 (base 5) to base 10.
394
Convert -11320 (base 5) to base 4.
-31003
Convert -18a8 (base 13) to base 11.
-2852
Convert -3063 (base 10) to base 12.
-1933
Convert 306 (base 7) to base 11.
12a
What is -62143 (base 7) in base 5?
-441142
Convert -1662 (base 7) to base 10.
-681
283 (base 11) to base 10
333
Convert 12332 (base 8) to base 13.
2578
-18819 (base 11) to base 9
-40036
-14b5 (base 12) to base 3
-10100102
What is -10706 (base 14) in base 3?
-2000120212
What is -1122200 (base 3) in base 13?
-71a
What is 100100100011 (base 2) in base 9?
3178
What is -1000000001100 (base 2) in base 5?
-112413
-12303123 (base 4) to base 2
-110110011011011
What is -a71 (base 15) in base 6?
-14524
-35536 (base 7) to base 11
-69a5
-27d (base 15) to base 11
-477
What is -323203 (base 6) in base 8?
-64023
What is -2406 (base 8) in base 2?
-10100000110
107c (base 16) to base 3
12210022
What is a21 (base 12) in base 16?
5b9
10122020 (base 3) to base 16
a5c
Convert 11221201 (base 3) to base 9.
4851
Convert -7e0 (base 16) to base 4.
-133200
What is 1001000111011111 (base 2) in base 7?
213605
Convert 87940 (base 10) to base 9.
143561
-111101010 (base 2) to base 14
-270
Convert 8658 (base 15) to base 14.
a50d
Convert -5919 (base 11) to base 13.
-36c3
Convert -10452 (base 8) to base 7.
-15545
-10001010011 (base 2) to base 8
-2123
9c18 (base 15) to base 7
165332
325540 (base 6) to base 3
1101022120
What is -33030 (base 4) in base 2?
-1111001100
11110101010011 (base 2) to base 4
3311103
-37b (base 14) to base 4
-22321
What is 10261 (base 7) in base 15?
b47
What is -13146 (base 9) in base 7?
-34602
What is -31544 (base 9) in base 15?
-62a7
Convert 42770 (base 8) to base 3.
220120102
What is 2a2 (base 11) in base 2?
101100010
Convert -220211 (base 3) to base 11.
-55a
What is -10100001110001 (base 2) in base 13?
-4935
What is 3c4 (base 14) in base 15?
35a
What is -76d9 (base 16) in base 6?
-352505
1cd1 (base 14) to base 5
132104
Convert -153 (base 9) to base 16.
-81
Convert -1582 (base 13) to base 9.
-4277
Convert -42b (base 15) to base 16.
-3ad
8180 (base 11) to base 7
43440
a47 (base 13) to base 2
11011010101
-11267 (base 8) to base 3
-20120110
Convert 3a39 (base 11) to base 16.
147d
Convert -1587 (base 12) to base 5.
-40201
What is 43707 (base 8) in base 11?
12895
Convert 11011 (base 11) to base 13.
7377
Convert 6161 (base 8) to base 13.
15b0
What is 780 (base 11) in base 6?
4155
-111110101 (base 2) to base 7
-1314
What is 1324242 (base 5) in base 15?
7e32
What is 1111010001 (base 2) in base 13?
5a2
Convert 9528 (base 10) to base 8.
22470
1010011111111010 (base 2) to base 8
123772
Convert -479 (base 11) to base 10.
-570
Convert 8a05 (base 12) to base 15.
47ce
What is 1b2 (base 16) in base 2?
110110010
Convert 12421 (base 6) to base 16.
75d
What is -331403 (base 6) in base 8?
-65673
-20563 (base 9) to base 10
-13584
What is 3538 (base 15) in base 9?
16448
cb6 (base 13) to base 7
6230
-975a (base 12) to base 5
-1013010
Convert -8882 (base 9) to base 7.
-25052
Convert 55a1 (base 12) to base 8.
22411
166 (base 13) to base 2
11111101
Convert 44 (base 13) to base 15.
3b
Convert -102231 (base 5) to base 8.
-6561
-2315 (base 7) to base 10
-845
12020211 (base 3) to base 11
2971
df4 (base 16) to base 5
103242
What is 1612 (base 8) in base 5?
12111
Convert -20240 (base 7) to base 15.
-16d8
What is -17145 (base 8) in base 13?
-3707
What is -1054 (base 6) in base 12?
-18a
What is 413334 (base 6) in base 5?
2030203
31130 (base 10) to base 8
74632
What is -793 (base 12) in base 5?
-13434
-54 (base 8) to base 6
-112
What is 16206 (base 8) in base 2?
1110010000110
What is 20377 (base 12) in base 2?
1010010000001011
Convert -181 (base 13) to base 4.
-10102
-825 (base 9) to base 7
-1646
-1011122 (base 3) to base 11
-707
Convert -3014 (base 6) to base 11.
-549
What is 26266 (base 9) in base 14?
6658
Convert 122202000 (base 3) to base 4.
3022011
-2a1 (base 12) to base 8
-631
Convert 11ad (base 15) to base 9.
5141
-4020 (base 6) to base 12
-610
Convert -1090 (base 12) to base 11.
-141a
What is 241120 (base 8) in base 7?
462363
What is -342403 (base 5) in base 14?
-4656
-27ae (base 15) to base 3
-102122102
What is a411 (base 11) in base 2?
11010111101110
What is -395 (base 10) in base 13?
-245
Convert -314 (base 10) to base 14.
-186
Convert 37db (base 16) to base 7.
56455
What is 20688 (base 9) in base 14?
4dba
54bc (base 13) to base 15
377b
Convert 2b0c (base 16) to base 13.
5029
Convert -16030 (base 7) to base 4.
-1012000
What is 10110000000 (base 2) in base 11?
1070
What is -58b (base 13) in base 6?
-4240
Convert 11110001010111 (base 2) to base 16.
3c57
What is -2031031 (base 4) in base 13?
-4162
c252 (base 13) to base 2
110100010010001
What is 224 (base 6) in base 10?
88
100121 (base 6) to base 15
24ba
Convert 372 (base 11) to base 2.
110111010
What is -67d3 (base 14) in base 4?
-10121211
Convert -120 (base 7) to base 2.
-111111
-111111111101 (base 2) to base 9
-5547
What is -3401 (base 16) in base 7?
-53546
Convert 1a55 (base 13) to base 10.
3957
Convert -46a (base 15) to base 12.
-6b4
What is -10130220 (base 4) in base 3?
-220222200
-1375 (base 9) to base 5
-13130
What is 11a6 (base 11) in base 4?
120200
4034 (base 6) to base 11
736
2ec1 (base 15) to base 9
14741
Convert -1816 (base 12) to base 6.
-21230
What is -2434 (base 8) in base 7?
-3546
111202 (base 3) to base 11
308
What is -6b (base 14) in base 8?
-137
-10581 (base 16) to base 12
-328a9
Convert -447 (base 9) to base 2.
-101101111
-974 (base 10) to base 16
-3ce
What is 1c7c (base 16) in base 3?
101000002
Convert 112221000 (base 3) to base 10.
10881
Convert 17a9 (base 13) to base 8.
6677
212211 (base 3) to base 14
33d
Convert 111010110 (base 2) to base 12.
332
Convert 2115 (base 8) to base 4.
101031
-46525 (base 11) to base 12
-32a66
What is -685 (base 11) in base 9?
-1110
310211 (base 4) to base 9
4548
Convert -32634 (base 7) to base 9.
-12230
What is -175 (base 9) in base 12?
-105
Convert 32301 (base 5) to base 8.
4231
Convert 11030231 (base 4) to base 3.
1002012122
Convert -b52d (base 14) to base 3.
-1120210202
324 (base 14) to base 16
26c
Convert 25514 (base 9) to base 5.
1022220
What is -4331 (base 7) in base 14?
-7c1
-715 (base 9) to base 12
-405
-1301342 (base 5) to base 2
-110001010000110
111110111111 (base 2) to base 12
23bb
Convert 164 (base 16) to base 13.
215
What is -9337 (base 11) in base 15?
-3a07
Convert 3199b (base 12) to base 16.
ff47
-3d7 (base 15) to base 2
-1101101101
6839 (base 14) to base 2
100011010100011
24b0 (base 16) to base 6
111252
-918 (base 14) to base 10
-1786
9 (base 15) to base 10
9
What is -1558 (base 10) in base 7?
-4354
What is -111113 (base 5) in base 16?
-f44
What is -1a470 (base 12) in base 11?
-27070
Convert -12336 (base 7) to base 3.
-11110210
What is -110101101000111 (base 2) in base 4?
-12231013
12501 (base 12) to base 14
9117
What is -2023303 (base 4) in base 11?
-67a4
What is -233332 (base 4) in base 2?
-101111111110
-3b3 (base 15) to base 16
-34b
Convert 29672 (base 11) to base 15.
c6e6
Convert -20145 (base 6) to base 7.
-10514
-10111101111 (base 2) to base 14